{"id":1831,"date":"2021-09-29T08:02:57","date_gmt":"2021-09-29T06:02:57","guid":{"rendered":"https:\/\/happykids.cwsthemes.com\/?page_id=1831"},"modified":"2023-12-19T05:47:30","modified_gmt":"2023-12-19T04:47:30","slug":"vos-evenements","status":"publish","type":"page","link":"https:\/\/newtownpark.fr\/index.php\/vos-evenements\/","title":{"rendered":"Vos Ev\u00e8nements"},"content":{"rendered":"\t\t<div data-elementor-type=\"wp-page\" data-elementor-id=\"1831\" class=\"elementor elementor-1831\">\n\t\t\t\t\t\t<section class=\"elementor-section elementor-top-section elementor-element elementor-element-371e606 elementor-section-boxed elementor-section-height-default elementor-section-height-default\" data-id=\"371e606\" data-element_type=\"section\" data-e-type=\"section\">\n\t\t\t\t\t\t<div class=\"elementor-container elementor-column-gap-default\">\n\t\t\t\t\t<div class=\"elementor-column elementor-col-100 elementor-top-column elementor-element elementor-element-5453595\" data-id=\"5453595\" data-element_type=\"column\" data-e-type=\"column\">\n\t\t\t<div class=\"elementor-widget-wrap elementor-element-populated\">\n\t\t\t\t\t\t<div class=\"elementor-element elementor-element-8c2147d elementor-widget elementor-widget-text-editor\" data-id=\"8c2147d\" data-element_type=\"widget\" data-e-type=\"widget\" data-widget_type=\"text-editor.default\">\n\t\t\t\t<div class=\"elementor-widget-container\">\n\t\t\t\t\t\t\t\t\t<h1>Anniversaires<\/h1><p>Venez f\u00eatez vos \u00e9v\u00e8nements familiaux au Newtown Park, un anniversaire, un enterrement de vie de c\u00e9libataire ou juste pour le fun, le Newtown Park c\u2019est l\u2019endroit id\u00e9al pour faire la f\u00eate. Choisissez vos activit\u00e9s \u00e0 la carte ou packag\u00e9es et faites de votre \u00e9v\u00e8nement un moment unique.<\/p><h1><strong>Entreprises<\/strong><\/h1><p>FORMULES\u00a0ENTREPRISES, VOTRE \u00c9V\u00c8NEMENT ENTREPRISE AU <strong>NEWTOWN PARK<\/strong> AVEC 2 FORMULES AU CHOIX !<\/p><p><strong>DES FORMULES TOUTES PR\u00caTES&#8230;<\/strong><br \/>Les formules Entreprises du Newtown Park vous permettent d\u2019organiser un s\u00e9minaire une incentive, une soir\u00e9e team building pour la coh\u00e9sion de vos \u00e9quipes ou tout simplement pour faire la f\u00eate entre coll\u00e8gues.<br \/>Nos formules toutes pr\u00eates sont compos\u00e9es de sessions de jeu privatis\u00e9es et d\u2019un buffet. Le repas se d\u00e9roule sur place dans notre espace privatis\u00e9e.<br \/>Choisissez une formule packag\u00e9e ou demandez-nous un devis pour une prestation \u00ab\u00a0sur mesure\u00a0\u00bb ci-dessous.<br \/>A vous de jouer !<\/p><p><strong>SUR-MESURE<\/strong><br \/>Au newtown Park nous propososns aussi des prestations \u00e0 la carte et sur-mesure pour r\u00e9pondre pr\u00e9cis\u00e9ment \u00e0 vos besoins pour vos s\u00e9minaires, incentives et soir\u00e9es d\u2019entreprise.<br \/>Retrouvez ci-dessous la liste des prestations que nous proposons :<\/p><p><em>LES ACTIVITES<br \/><\/em>Acc\u00e8s non privatis\u00e9<br \/>Privatisation d&#8217;un certain nombre de cessions<br \/>Privatisation totale du Newtown Park pendant un certain nombre d&#8217;heures<\/p><p><em>LES OPTIONS<\/em><br \/>Salle de r\u00e9union (30 pers. max)<br \/>Karaok\u00e9<br \/>Jeux d\u2019arcades en illimit\u00e9 ( mini bownling, billards, arcades \u2026)<\/p><p><strong>PRIVATISATION DU NEWTOWN PARC<\/strong><\/p><p>Si vous souhaitez la privatisation totale du NEWTOWN PARC, celle-ci commence \u00e0 partir de 18h et se termine au plus tard \u00e0 23h.\u2028Le lieu est enti\u00e8rement \u00e0 votre disposition et vous pouvez vous amuser en illimit\u00e9 !<br \/>Le karaok\u00e9 est \u00e9galement disponible, ainsi que des bornes d\u2019arcades payantes.<\/p><p><strong>LA RESTAURATION<\/strong><br \/>Mise \u00e0 disposition de la salle (restauration assur\u00e9e par vos soins)<br \/>Buffet traiteur ;<br \/>Pizza Party ! + Softs<br \/>Ap\u00e9ritif (Champagne + petits fours)<br \/>Petit-d\u00e9jeuner (boissons chaudes, jus de fruits, viennoiseries et g\u00e2teaux)<\/p><p><strong>LES FORMULES PACKAG\u00c9ES<\/strong><\/p><p><em>FORMULE NEWTOWN KOEZION<\/em><br \/>Une image contenant alimentation, int\u00e9rieur, p\u00e2te, affich\u00e9<\/p><p>Description g\u00e9n\u00e9r\u00e9e automatiquement<br \/>20 \u00e0 30 pers. :\u00a0480\u20ac + 39\u20ac\u00a0\/ pers.<br \/>31 \u00e0 60 pers. :\u00a0960\u20ac + 39\u20ac\u00a0\/ pers.<br \/>\u00e0 partir de 20 personnes<br \/>2 cessions d\u2019escalade et\/ou ninja tag (2x20min.)<br \/>Buffet traiteur* sur place<\/p><p><em>FORMULE NEWTOWN FUZION<\/em><br \/>Une image contenant table, buffet, table de salle \u00e0 manger<\/p><p>Description g\u00e9n\u00e9r\u00e9e automatiquement<br \/>1400\u20ac + 39\u20ac\u00a0\/ pers.<\/p><p>\u00e0 partir de 20 personnes (jusqu&#8217;\u00e0 40 pers.au del\u00e0 nous consulter)<\/p><p><strong>PRIVATISATION TOTALE !<\/strong><br \/>Le buffet traiteur est constitu\u00e9 de salades compos\u00e9es, salades de p\u00e2tes, crudit\u00e9s, jambon de pays, plateaux de charcuterie, pommes de terre campagnardes, mezzes m\u00e9diterran\u00e9ens, plateau de fromages, mignardises, open bar Soft, vins (Muscadet &amp; Brouilly), pains.<\/p><p><strong>\u00a0<\/strong><\/p><p><strong>DEMANDE\u00a0DE R\u00c9SERVATION<\/strong><br \/>Vous souhaitez organiser votre \u00e9v\u00e8nement d\u2019entreprise au Newtown Park ?<br \/>Remplissez le formulaire ci-dessous ou appelez-nous\u00a0au <strong>06.09.78.32.41<\/strong><\/p>\t\t\t\t\t\t\t\t<\/div>\n\t\t\t\t<\/div>\n\t\t\t\t<div class=\"elementor-element elementor-element-56937a5 elementor-widget elementor-widget-image\" data-id=\"56937a5\" data-element_type=\"widget\" data-e-type=\"widget\" data-widget_type=\"image.default\">\n\t\t\t\t<div class=\"elementor-widget-container\">\n\t\t\t\t\t\t\t\t\t\t\t\t\t\t\t<img decoding=\"async\" src=\"https:\/\/newtownpark.fr\/wp-content\/uploads\/2013\/03\/support.png\" class=\"attachment-full size-full wp-image-1336\" alt=\"\" \/>\t\t\t\t\t\t\t\t\t\t\t\t\t\t\t<\/div>\n\t\t\t\t<\/div>\n\t\t\t\t\t<\/div>\n\t\t<\/div>\n\t\t\t\t\t<\/div>\n\t\t<\/section>\n\t\t\t\t<\/div>\n\t\t","protected":false},"excerpt":{"rendered":"<p>Anniversaires Venez f\u00eatez vos \u00e9v\u00e8nements familiaux au Newtown Park, un anniversaire, un enterrement de vie de c\u00e9libataire ou juste pour le fun, le Newtown Park c\u2019est l\u2019endroit id\u00e9al pour faire la f\u00eate. Choisissez vos activit\u00e9s \u00e0 la carte ou packag\u00e9es et faites de votre \u00e9v\u00e8nement un moment unique. Entreprises FORMULES\u00a0ENTREPRISES, VOTRE \u00c9V\u00c8NEMENT ENTREPRISE AU NEWTOWN [&hellip;]<\/p>\n","protected":false},"author":1,"featured_media":0,"parent":0,"menu_order":0,"comment_status":"closed","ping_status":"closed","template":"","meta":{"footnotes":""},"class_list":["post-1831","page","type-page","status-publish","hentry"],"_links":{"self":[{"href":"https:\/\/newtownpark.fr\/index.php\/wp-json\/wp\/v2\/pages\/1831","targetHints":{"allow":["GET"]}}],"collection":[{"href":"https:\/\/newtownpark.fr\/index.php\/wp-json\/wp\/v2\/pages"}],"about":[{"href":"https:\/\/newtownpark.fr\/index.php\/wp-json\/wp\/v2\/types\/page"}],"author":[{"embeddable":true,"href":"https:\/\/newtownpark.fr\/index.php\/wp-json\/wp\/v2\/users\/1"}],"replies":[{"embeddable":true,"href":"https:\/\/newtownpark.fr\/index.php\/wp-json\/wp\/v2\/comments?post=1831"}],"version-history":[{"count":11,"href":"https:\/\/newtownpark.fr\/index.php\/wp-json\/wp\/v2\/pages\/1831\/revisions"}],"predecessor-version":[{"id":3244,"href":"https:\/\/newtownpark.fr\/index.php\/wp-json\/wp\/v2\/pages\/1831\/revisions\/3244"}],"wp:attachment":[{"href":"https:\/\/newtownpark.fr\/index.php\/wp-json\/wp\/v2\/media?parent=1831"}],"curies":[{"name":"wp","href":"https:\/\/api.w.org\/{rel}","templated":true}]}}